{"id":1130,"date":"2018-10-16T11:06:12","date_gmt":"2018-10-16T09:06:12","guid":{"rendered":"http:\/\/popupvegetal.com\/?page_id=1130"},"modified":"2023-07-31T17:58:57","modified_gmt":"2023-07-31T15:58:57","slug":"home-chef","status":"publish","type":"page","link":"https:\/\/legumistes.com\/index.php\/prestations\/home-chef\/","title":{"rendered":"Home chef &#038; Catering"},"content":{"rendered":"\t\t<div data-elementor-type=\"wp-page\" data-elementor-id=\"1130\" class=\"elementor elementor-1130\">\n\t\t\t\t\t\t\t\t\t<section class=\"elementor-section elementor-top-section elementor-element elementor-element-3f6bab3 elementor-section-boxed elementor-section-height-default elementor-section-height-default\" data-id=\"3f6bab3\" data-element_type=\"section\" data-settings=\"{&quot;background_background&quot;:&quot;classic&quot;}\">\n\t\t\t\t\t\t<div class=\"elementor-container elementor-column-gap-default\">\n\t\t\t\t\t<div class=\"elementor-column elementor-col-50 elementor-top-column elementor-element elementor-element-b2f89e3\" data-id=\"b2f89e3\" data-element_type=\"column\">\n\t\t\t<div class=\"elementor-widget-wrap elementor-element-populated\">\n\t\t\t\t\t\t\t\t<div class=\"elementor-element elementor-element-8dcddf0 elementor-widget elementor-widget-text-editor\" data-id=\"8dcddf0\" data-element_type=\"widget\" data-widget_type=\"text-editor.default\">\n\t\t\t\t<div class=\"elementor-widget-container\">\n\t\t\t\t\t\t\t<p>Nous r\u00e9alisons des prestations de traiteur &amp; de chef \u00e0 domicile pour vos \u00e9v\u00e8nements professionnels (vernissage, r\u00e9union, openning, &#8230;) et priv\u00e9s (anniversaire, diner, d\u00e9jeuner, pique-nique&#8230;)<\/p><p>Pour toute demande de renseignements, veillez \u00e0 nous pr\u00e9ciser la date de l&rsquo;\u00e9v\u00e8nement, l&rsquo;adresse du lieu, la pr\u00e9sence d&rsquo;\u00e9quipement sur place, le nombre de convives attendu et le type de prestation souhait\u00e9e (service \u00e0 l&rsquo;assiette, buffet&#8230;)<\/p><p>Contactez-nous :<\/p><p>par mail : popupvegetal@outlook.com<\/p><p>par t\u00e9l\u00e9phone : 06 63 60 51 14 \/ 06 10 72 26 77<\/p><p>ou via le\u00a0<a href=\"http:\/\/popupvegetal.com\/index.php\/contact\/\">formulaire de mise en relation\u00a0<\/a><\/p><p>\u00a0<\/p><p><em>We provide catering &amp; home chef services for your professional (vernissage, meeting, openning, etc.) and private (birthday, dinner, lunch, picnic, etc.)<\/em><\/p><p><em>For any request for information, be sure to specify the date of the event, the address of the venue, the presence of equipment on site, the number of guests expected and the type of service desired (plate service, buffet &#8230;)<\/em><\/p><p><em>Contact us:<\/em><\/p><p><em>by email: popupvegetal@outlook.com<\/em><\/p><p><em>by phone: 06 63 60 51 14 \/ 06 10 72 26 77<\/em><\/p><p><em>or via the contact form<\/em><\/p>\t\t\t\t\t\t<\/div>\n\t\t\t\t<\/div>\n\t\t\t\t\t<\/div>\n\t\t<\/div>\n\t\t\t\t<div class=\"elementor-column elementor-col-50 elementor-top-column elementor-element elementor-element-d8888a3\" data-id=\"d8888a3\" data-element_type=\"column\">\n\t\t\t<div class=\"elementor-widget-wrap elementor-element-populated\">\n\t\t\t\t\t\t\t\t<div class=\"elementor-element elementor-element-c8c7bf7 elementor-widget elementor-widget-image\" data-id=\"c8c7bf7\" data-element_type=\"widget\" data-widget_type=\"image.default\">\n\t\t\t\t<div class=\"elementor-widget-container\">\n\t\t\t\t\t\t\t\t\t\t\t\t\t\t\t<img loading=\"lazy\" decoding=\"async\" width=\"819\" height=\"1024\" src=\"https:\/\/legumistes.com\/wp-content\/uploads\/2023\/07\/8FD1C64D-24E1-49BB-B4FD-A10350EAA96B-819x1024.jpg\" class=\"attachment-large size-large wp-image-1982\" alt=\"\" srcset=\"https:\/\/legumistes.com\/wp-content\/uploads\/2023\/07\/8FD1C64D-24E1-49BB-B4FD-A10350EAA96B-819x1024.jpg 819w, https:\/\/legumistes.com\/wp-content\/uploads\/2023\/07\/8FD1C64D-24E1-49BB-B4FD-A10350EAA96B-240x300.jpg 240w, https:\/\/legumistes.com\/wp-content\/uploads\/2023\/07\/8FD1C64D-24E1-49BB-B4FD-A10350EAA96B-768x960.jpg 768w, https:\/\/legumistes.com\/wp-content\/uploads\/2023\/07\/8FD1C64D-24E1-49BB-B4FD-A10350EAA96B-1229x1536.jpg 1229w, https:\/\/legumistes.com\/wp-content\/uploads\/2023\/07\/8FD1C64D-24E1-49BB-B4FD-A10350EAA96B.jpg 1440w\" sizes=\"auto, (max-width: 819px) 100vw, 819px\" \/>\t\t\t\t\t\t\t\t\t\t\t\t\t\t\t<\/div>\n\t\t\t\t<\/div>\n\t\t\t\t\t<\/div>\n\t\t<\/div>\n\t\t\t\t\t\t\t<\/div>\n\t\t<\/section>\n\t\t\t\t<section class=\"elementor-section elementor-top-section elementor-element elementor-element-9891d6a elementor-section-boxed elementor-section-height-default elementor-section-height-default\" data-id=\"9891d6a\" data-element_type=\"section\">\n\t\t\t\t\t\t<div class=\"elementor-container elementor-column-gap-default\">\n\t\t\t\t\t<div class=\"elementor-column elementor-col-100 elementor-top-column elementor-element elementor-element-c5f9b9f\" data-id=\"c5f9b9f\" data-element_type=\"column\">\n\t\t\t<div class=\"elementor-widget-wrap elementor-element-populated\">\n\t\t\t\t\t\t\t\t<div class=\"elementor-element elementor-element-2158a45 gallery-spacing-custom elementor-widget elementor-widget-image-gallery\" data-id=\"2158a45\" data-element_type=\"widget\" data-widget_type=\"image-gallery.default\">\n\t\t\t\t<div class=\"elementor-widget-container\">\n\t\t\t\t\t<div class=\"elementor-image-gallery\">\n\t\t\t\n\t\t\t<style type='text\/css'>\n\t\t\t\t#gallery-1 {\n\t\t\t\t\tmargin: auto;\n\t\t\t\t}\n\t\t\t\t#gallery-1 .gallery-item {\n\t\t\t\t\tfloat: left;\n\t\t\t\t\tmargin-top: 10px;\n\t\t\t\t\ttext-align: center;\n\t\t\t\t\twidth: 25%;\n\t\t\t\t}\n\t\t\t\t#gallery-1 img {\n\t\t\t\t\tborder: 2px solid #cfcfcf;\n\t\t\t\t}\n\t\t\t\t#gallery-1 .gallery-caption {\n\t\t\t\t\tmargin-left: 0;\n\t\t\t\t}\n\t\t\t\t\/* see gallery_shortcode() in wp-includes\/media.php *\/\n\t\t\t<\/style>\n\t\t<div id='gallery-1' class='dt-gallery-container gallery galleryid-1130 gallery-columns-4 gallery-size-medium'><dl class='gallery-item'>\n\t\t\t\t<dt class='gallery-icon portrait'>\n\t\t\t\t\t<a class=\"rollover rollover-zoom\" title=\"\"data-elementor-open-lightbox=\"yes\" data-elementor-lightbox-slideshow=\"2158a45\" e-action-hash=\"#elementor-action%3Aaction%3Dlightbox%26settings%3DeyJpZCI6MTYyOSwidXJsIjoiaHR0cHM6XC9cL2xlZ3VtaXN0ZXMuY29tXC93cC1jb250ZW50XC91cGxvYWRzXC8yMDIyXC8wN1wvSU1HXzAwMjguanBnIiwic2xpZGVzaG93IjoiMjE1OGE0NSJ9\" href='https:\/\/legumistes.com\/wp-content\/uploads\/2022\/07\/IMG_0028.jpg'><img loading=\"lazy\" decoding=\"async\" width=\"200\" height=\"300\" src=\"https:\/\/legumistes.com\/wp-content\/uploads\/2022\/07\/IMG_0028-200x300.jpg\" class=\"attachment-medium size-medium\" alt=\"\" srcset=\"https:\/\/legumistes.com\/wp-content\/uploads\/2022\/07\/IMG_0028-200x300.jpg 200w, https:\/\/legumistes.com\/wp-content\/uploads\/2022\/07\/IMG_0028-684x1024.jpg 684w, https:\/\/legumistes.com\/wp-content\/uploads\/2022\/07\/IMG_0028-768x1149.jpg 768w, https:\/\/legumistes.com\/wp-content\/uploads\/2022\/07\/IMG_0028-1027x1536.jpg 1027w, https:\/\/legumistes.com\/wp-content\/uploads\/2022\/07\/IMG_0028.jpg 1080w\" sizes=\"auto, (max-width: 200px) 100vw, 200px\" \/><\/a>\n\t\t\t\t<\/dt><\/dl><dl class='gallery-item'>\n\t\t\t\t<dt class='gallery-icon portrait'>\n\t\t\t\t\t<a class=\"rollover rollover-zoom\" title=\"\"data-elementor-open-lightbox=\"yes\" data-elementor-lightbox-slideshow=\"2158a45\" e-action-hash=\"#elementor-action%3Aaction%3Dlightbox%26settings%3DeyJpZCI6MTY1OSwidXJsIjoiaHR0cHM6XC9cL2xlZ3VtaXN0ZXMuY29tXC93cC1jb250ZW50XC91cGxvYWRzXC8yMDIyXC8wN1wvRFNDMDkxMzguanBnIiwic2xpZGVzaG93IjoiMjE1OGE0NSJ9\" data-elementor-lightbox-title=\"DSC09138\" href='https:\/\/legumistes.com\/wp-content\/uploads\/2022\/07\/DSC09138.jpg'><img loading=\"lazy\" decoding=\"async\" width=\"201\" height=\"300\" src=\"https:\/\/legumistes.com\/wp-content\/uploads\/2022\/07\/DSC09138-201x300.jpg\" class=\"attachment-medium size-medium\" alt=\"\" srcset=\"https:\/\/legumistes.com\/wp-content\/uploads\/2022\/07\/DSC09138-201x300.jpg 201w, https:\/\/legumistes.com\/wp-content\/uploads\/2022\/07\/DSC09138-684x1024.jpg 684w, https:\/\/legumistes.com\/wp-content\/uploads\/2022\/07\/DSC09138-768x1149.jpg 768w, https:\/\/legumistes.com\/wp-content\/uploads\/2022\/07\/DSC09138-1027x1536.jpg 1027w, https:\/\/legumistes.com\/wp-content\/uploads\/2022\/07\/DSC09138.jpg 1042w\" sizes=\"auto, (max-width: 201px) 100vw, 201px\" \/><\/a>\n\t\t\t\t<\/dt><\/dl><dl class='gallery-item'>\n\t\t\t\t<dt class='gallery-icon portrait'>\n\t\t\t\t\t<a class=\"rollover rollover-zoom\" title=\"\"data-elementor-open-lightbox=\"yes\" data-elementor-lightbox-slideshow=\"2158a45\" e-action-hash=\"#elementor-action%3Aaction%3Dlightbox%26settings%3DeyJpZCI6MTYzMCwidXJsIjoiaHR0cHM6XC9cL2xlZ3VtaXN0ZXMuY29tXC93cC1jb250ZW50XC91cGxvYWRzXC8yMDIyXC8wN1wvSU1HXzAwMjkuanBnIiwic2xpZGVzaG93IjoiMjE1OGE0NSJ9\" data-elementor-lightbox-title=\"IMG_0029\" href='https:\/\/legumistes.com\/wp-content\/uploads\/2022\/07\/IMG_0029.jpg'><img loading=\"lazy\" decoding=\"async\" width=\"200\" height=\"300\" src=\"https:\/\/legumistes.com\/wp-content\/uploads\/2022\/07\/IMG_0029-200x300.jpg\" class=\"attachment-medium size-medium\" alt=\"\" srcset=\"https:\/\/legumistes.com\/wp-content\/uploads\/2022\/07\/IMG_0029-200x300.jpg 200w, https:\/\/legumistes.com\/wp-content\/uploads\/2022\/07\/IMG_0029-684x1024.jpg 684w, https:\/\/legumistes.com\/wp-content\/uploads\/2022\/07\/IMG_0029-768x1149.jpg 768w, https:\/\/legumistes.com\/wp-content\/uploads\/2022\/07\/IMG_0029-1027x1536.jpg 1027w, https:\/\/legumistes.com\/wp-content\/uploads\/2022\/07\/IMG_0029.jpg 1080w\" sizes=\"auto, (max-width: 200px) 100vw, 200px\" \/><\/a>\n\t\t\t\t<\/dt><\/dl><dl class='gallery-item'>\n\t\t\t\t<dt class='gallery-icon portrait'>\n\t\t\t\t\t<a class=\"rollover rollover-zoom\" title=\"\"data-elementor-open-lightbox=\"yes\" data-elementor-lightbox-slideshow=\"2158a45\" e-action-hash=\"#elementor-action%3Aaction%3Dlightbox%26settings%3DeyJpZCI6MTk5NiwidXJsIjoiaHR0cHM6XC9cL2xlZ3VtaXN0ZXMuY29tXC93cC1jb250ZW50XC91cGxvYWRzXC8yMDIzXC8wN1wvRFNDMDM3MjkuanBnIiwic2xpZGVzaG93IjoiMjE1OGE0NSJ9\" data-elementor-lightbox-title=\"DSC03729\" href='https:\/\/legumistes.com\/wp-content\/uploads\/2023\/07\/DSC03729.jpg'><img loading=\"lazy\" decoding=\"async\" width=\"200\" height=\"300\" src=\"https:\/\/legumistes.com\/wp-content\/uploads\/2023\/07\/DSC03729-200x300.jpg\" class=\"attachment-medium size-medium\" alt=\"\" srcset=\"https:\/\/legumistes.com\/wp-content\/uploads\/2023\/07\/DSC03729-200x300.jpg 200w, https:\/\/legumistes.com\/wp-content\/uploads\/2023\/07\/DSC03729-684x1024.jpg 684w, https:\/\/legumistes.com\/wp-content\/uploads\/2023\/07\/DSC03729-768x1149.jpg 768w, https:\/\/legumistes.com\/wp-content\/uploads\/2023\/07\/DSC03729-1027x1536.jpg 1027w, https:\/\/legumistes.com\/wp-content\/uploads\/2023\/07\/DSC03729.jpg 1080w\" sizes=\"auto, (max-width: 200px) 100vw, 200px\" \/><\/a>\n\t\t\t\t<\/dt><\/dl><br style=\"clear: both\" \/>\n\t\t\t<\/div>\n\t\t<\/div>\n\t\t\t\t<\/div>\n\t\t\t\t<\/div>\n\t\t\t\t\t<\/div>\n\t\t<\/div>\n\t\t\t\t\t\t\t<\/div>\n\t\t<\/section>\n\t\t\t\t<section class=\"elementor-section elementor-top-section elementor-element elementor-element-2c988dc elementor-section-boxed elementor-section-height-default elementor-section-height-default\" data-id=\"2c988dc\" data-element_type=\"section\">\n\t\t\t\t\t\t<div class=\"elementor-container elementor-column-gap-default\">\n\t\t\t\t\t<div class=\"elementor-column elementor-col-100 elementor-top-column elementor-element elementor-element-2722b056\" data-id=\"2722b056\" data-element_type=\"column\">\n\t\t\t<div class=\"elementor-widget-wrap\">\n\t\t\t\t\t\t\t\t\t<\/div>\n\t\t<\/div>\n\t\t\t\t\t\t\t<\/div>\n\t\t<\/section>\n\t\t\t\t\t\t\t<\/div>\n\t\t","protected":false},"excerpt":{"rendered":"<p>Nous r\u00e9alisons des prestations de traiteur &amp; de chef \u00e0 domicile pour vos \u00e9v\u00e8nements professionnels (vernissage, r\u00e9union, openning, &#8230;) et priv\u00e9s (anniversaire, diner, d\u00e9jeuner, pique-nique&#8230;) Pour toute demande de renseignements, veillez \u00e0 nous pr\u00e9ciser la date de l&rsquo;\u00e9v\u00e8nement, l&rsquo;adresse du lieu, la pr\u00e9sence d&rsquo;\u00e9quipement sur place, le nombre de convives attendu et le type de&hellip;<\/p>\n","protected":false},"author":1,"featured_media":0,"parent":925,"menu_order":0,"comment_status":"closed","ping_status":"closed","template":"","meta":{"footnotes":""},"class_list":["post-1130","page","type-page","status-publish","hentry"],"_links":{"self":[{"href":"https:\/\/legumistes.com\/index.php\/wp-json\/wp\/v2\/pages\/1130","targetHints":{"allow":["GET"]}}],"collection":[{"href":"https:\/\/legumistes.com\/index.php\/wp-json\/wp\/v2\/pages"}],"about":[{"href":"https:\/\/legumistes.com\/index.php\/wp-json\/wp\/v2\/types\/page"}],"author":[{"embeddable":true,"href":"https:\/\/legumistes.com\/index.php\/wp-json\/wp\/v2\/users\/1"}],"replies":[{"embeddable":true,"href":"https:\/\/legumistes.com\/index.php\/wp-json\/wp\/v2\/comments?post=1130"}],"version-history":[{"count":21,"href":"https:\/\/legumistes.com\/index.php\/wp-json\/wp\/v2\/pages\/1130\/revisions"}],"predecessor-version":[{"id":2089,"href":"https:\/\/legumistes.com\/index.php\/wp-json\/wp\/v2\/pages\/1130\/revisions\/2089"}],"up":[{"embeddable":true,"href":"https:\/\/legumistes.com\/index.php\/wp-json\/wp\/v2\/pages\/925"}],"wp:attachment":[{"href":"https:\/\/legumistes.com\/index.php\/wp-json\/wp\/v2\/media?parent=1130"}],"curies":[{"name":"wp","href":"https:\/\/api.w.org\/{rel}","templated":true}]}}