{"id":1053,"date":"2018-09-14T21:01:42","date_gmt":"2018-09-14T19:01:42","guid":{"rendered":"http:\/\/popupvegetal.com\/?page_id=1053"},"modified":"2023-07-31T19:16:47","modified_gmt":"2023-07-31T17:16:47","slug":"consulting","status":"publish","type":"page","link":"https:\/\/legumistes.com\/index.php\/consulting\/","title":{"rendered":"C o n s u l t i n g"},"content":{"rendered":"\t\t<div data-elementor-type=\"wp-page\" data-elementor-id=\"1053\" class=\"elementor elementor-1053\">\n\t\t\t\t\t\t\t\t\t<section class=\"elementor-section elementor-top-section elementor-element elementor-element-34f9183 elementor-section-boxed elementor-section-height-default elementor-section-height-default\" data-id=\"34f9183\" data-element_type=\"section\">\n\t\t\t\t\t\t<div class=\"elementor-container elementor-column-gap-default\">\n\t\t\t\t\t<div class=\"elementor-column elementor-col-100 elementor-top-column elementor-element elementor-element-4f946ba3\" data-id=\"4f946ba3\" data-element_type=\"column\">\n\t\t\t<div class=\"elementor-widget-wrap\">\n\t\t\t\t\t\t\t\t\t<\/div>\n\t\t<\/div>\n\t\t\t\t\t\t\t<\/div>\n\t\t<\/section>\n\t\t\t\t<section class=\"elementor-section elementor-top-section elementor-element elementor-element-8004111 elementor-section-boxed elementor-section-height-default elementor-section-height-default\" data-id=\"8004111\" data-element_type=\"section\">\n\t\t\t\t\t\t<div class=\"elementor-container elementor-column-gap-default\">\n\t\t\t\t\t<div class=\"elementor-column elementor-col-100 elementor-top-column elementor-element elementor-element-3993dc3\" data-id=\"3993dc3\" data-element_type=\"column\">\n\t\t\t<div class=\"elementor-widget-wrap elementor-element-populated\">\n\t\t\t\t\t\t\t\t<div class=\"elementor-element elementor-element-2750e13 gallery-spacing-custom elementor-widget elementor-widget-image-gallery\" data-id=\"2750e13\" data-element_type=\"widget\" data-widget_type=\"image-gallery.default\">\n\t\t\t\t<div class=\"elementor-widget-container\">\n\t\t\t\t\t<div class=\"elementor-image-gallery\">\n\t\t\t\n\t\t\t<style type='text\/css'>\n\t\t\t\t#gallery-1 {\n\t\t\t\t\tmargin: auto;\n\t\t\t\t}\n\t\t\t\t#gallery-1 .gallery-item {\n\t\t\t\t\tfloat: left;\n\t\t\t\t\tmargin-top: 10px;\n\t\t\t\t\ttext-align: center;\n\t\t\t\t\twidth: 33%;\n\t\t\t\t}\n\t\t\t\t#gallery-1 img {\n\t\t\t\t\tborder: 2px solid #cfcfcf;\n\t\t\t\t}\n\t\t\t\t#gallery-1 .gallery-caption {\n\t\t\t\t\tmargin-left: 0;\n\t\t\t\t}\n\t\t\t\t\/* see gallery_shortcode() in wp-includes\/media.php *\/\n\t\t\t<\/style>\n\t\t<div id='gallery-1' class='dt-gallery-container gallery galleryid-1053 gallery-columns-3 gallery-size-medium_large'><dl class='gallery-item'>\n\t\t\t\t<dt class='gallery-icon portrait'>\n\t\t\t\t\t<a class=\"rollover rollover-zoom\" title=\"\"data-elementor-open-lightbox=\"yes\" data-elementor-lightbox-slideshow=\"2750e13\" data-elementor-lightbox-title=\"DSC09519\" e-action-hash=\"#elementor-action%3Aaction%3Dlightbox%26settings%3DeyJpZCI6MTcxNSwidXJsIjoiaHR0cHM6XC9cL2xlZ3VtaXN0ZXMuY29tXC93cC1jb250ZW50XC91cGxvYWRzXC8yMDIyXC8wN1wvRFNDMDk1MTktMS5qcGciLCJzbGlkZXNob3ciOiIyNzUwZTEzIn0%3D\" href='https:\/\/legumistes.com\/wp-content\/uploads\/2022\/07\/DSC09519-1.jpg'><img loading=\"lazy\" decoding=\"async\" width=\"768\" height=\"1149\" src=\"https:\/\/legumistes.com\/wp-content\/uploads\/2022\/07\/DSC09519-1-768x1149.jpg\" class=\"attachment-medium_large size-medium_large\" alt=\"\" srcset=\"https:\/\/legumistes.com\/wp-content\/uploads\/2022\/07\/DSC09519-1-768x1149.jpg 768w, https:\/\/legumistes.com\/wp-content\/uploads\/2022\/07\/DSC09519-1-200x300.jpg 200w, https:\/\/legumistes.com\/wp-content\/uploads\/2022\/07\/DSC09519-1-684x1024.jpg 684w, https:\/\/legumistes.com\/wp-content\/uploads\/2022\/07\/DSC09519-1-1027x1536.jpg 1027w, https:\/\/legumistes.com\/wp-content\/uploads\/2022\/07\/DSC09519-1.jpg 1080w\" sizes=\"auto, (max-width: 768px) 100vw, 768px\" \/><\/a>\n\t\t\t\t<\/dt><\/dl><dl class='gallery-item'>\n\t\t\t\t<dt class='gallery-icon portrait'>\n\t\t\t\t\t<a class=\"rollover rollover-zoom\" title=\"\"data-elementor-open-lightbox=\"yes\" data-elementor-lightbox-slideshow=\"2750e13\" data-elementor-lightbox-title=\"DSC09160\" e-action-hash=\"#elementor-action%3Aaction%3Dlightbox%26settings%3DeyJpZCI6MTcxMywidXJsIjoiaHR0cHM6XC9cL2xlZ3VtaXN0ZXMuY29tXC93cC1jb250ZW50XC91cGxvYWRzXC8yMDIyXC8wN1wvRFNDMDkxNjAtMS5qcGciLCJzbGlkZXNob3ciOiIyNzUwZTEzIn0%3D\" href='https:\/\/legumistes.com\/wp-content\/uploads\/2022\/07\/DSC09160-1.jpg'><img loading=\"lazy\" decoding=\"async\" width=\"768\" height=\"1149\" src=\"https:\/\/legumistes.com\/wp-content\/uploads\/2022\/07\/DSC09160-1-768x1149.jpg\" class=\"attachment-medium_large size-medium_large\" alt=\"\" srcset=\"https:\/\/legumistes.com\/wp-content\/uploads\/2022\/07\/DSC09160-1-768x1149.jpg 768w, https:\/\/legumistes.com\/wp-content\/uploads\/2022\/07\/DSC09160-1-200x300.jpg 200w, https:\/\/legumistes.com\/wp-content\/uploads\/2022\/07\/DSC09160-1-684x1024.jpg 684w, https:\/\/legumistes.com\/wp-content\/uploads\/2022\/07\/DSC09160-1-1027x1536.jpg 1027w, https:\/\/legumistes.com\/wp-content\/uploads\/2022\/07\/DSC09160-1.jpg 1080w\" sizes=\"auto, (max-width: 768px) 100vw, 768px\" \/><\/a>\n\t\t\t\t<\/dt><\/dl><dl class='gallery-item'>\n\t\t\t\t<dt class='gallery-icon portrait'>\n\t\t\t\t\t<a class=\"rollover rollover-zoom\" title=\"\"data-elementor-open-lightbox=\"yes\" data-elementor-lightbox-slideshow=\"2750e13\" data-elementor-lightbox-title=\"DSC09340\" e-action-hash=\"#elementor-action%3Aaction%3Dlightbox%26settings%3DeyJpZCI6MTcxNCwidXJsIjoiaHR0cHM6XC9cL2xlZ3VtaXN0ZXMuY29tXC93cC1jb250ZW50XC91cGxvYWRzXC8yMDIyXC8wN1wvRFNDMDkzNDAtMS5qcGciLCJzbGlkZXNob3ciOiIyNzUwZTEzIn0%3D\" href='https:\/\/legumistes.com\/wp-content\/uploads\/2022\/07\/DSC09340-1.jpg'><img loading=\"lazy\" decoding=\"async\" width=\"768\" height=\"1149\" src=\"https:\/\/legumistes.com\/wp-content\/uploads\/2022\/07\/DSC09340-1-768x1149.jpg\" class=\"attachment-medium_large size-medium_large\" alt=\"\" srcset=\"https:\/\/legumistes.com\/wp-content\/uploads\/2022\/07\/DSC09340-1-768x1149.jpg 768w, https:\/\/legumistes.com\/wp-content\/uploads\/2022\/07\/DSC09340-1-200x300.jpg 200w, https:\/\/legumistes.com\/wp-content\/uploads\/2022\/07\/DSC09340-1-684x1024.jpg 684w, https:\/\/legumistes.com\/wp-content\/uploads\/2022\/07\/DSC09340-1-1027x1536.jpg 1027w, https:\/\/legumistes.com\/wp-content\/uploads\/2022\/07\/DSC09340-1.jpg 1080w\" sizes=\"auto, (max-width: 768px) 100vw, 768px\" \/><\/a>\n\t\t\t\t<\/dt><\/dl><br style=\"clear: both\" \/>\n\t\t\t<\/div>\n\t\t<\/div>\n\t\t\t\t<\/div>\n\t\t\t\t<\/div>\n\t\t\t\t\t<\/div>\n\t\t<\/div>\n\t\t\t\t\t\t\t<\/div>\n\t\t<\/section>\n\t\t\t\t<section class=\"elementor-section elementor-top-section elementor-element elementor-element-a6ee524 elementor-section-boxed elementor-section-height-default elementor-section-height-default\" data-id=\"a6ee524\" data-element_type=\"section\">\n\t\t\t\t\t\t<div class=\"elementor-container elementor-column-gap-default\">\n\t\t\t\t\t<div class=\"elementor-column elementor-col-50 elementor-top-column elementor-element elementor-element-b80c1da\" data-id=\"b80c1da\" data-element_type=\"column\">\n\t\t\t<div class=\"elementor-widget-wrap elementor-element-populated\">\n\t\t\t\t\t\t\t\t<div class=\"elementor-element elementor-element-c8be122 elementor-widget elementor-widget-text-editor\" data-id=\"c8be122\" data-element_type=\"widget\" data-widget_type=\"text-editor.default\">\n\t\t\t\t<div class=\"elementor-widget-container\">\n\t\t\t\t\t\t\t<p>Nous intervenons aupr\u00e8s de restaurateurs, cuisiniers, associations et revues sp\u00e9cialis\u00e9es et \u00e9laborons des contenus, menus et cartes.<\/p><p>Nous proposons \u00e9galement des formations individualis\u00e9es, adpat\u00e9es \u00e0 vos besoins sp\u00e9cifiques. Tarif sur devis.<\/p><p>\u00a0<\/p><p><em>We work with restaurateurs, cooks, associations and specialized magazines to develop content, menus and menus.<\/em><\/p><p><em>We also offer individualized training, adapted to your specific needs. Price on estimate<\/em><\/p>\t\t\t\t\t\t<\/div>\n\t\t\t\t<\/div>\n\t\t\t\t\t<\/div>\n\t\t<\/div>\n\t\t\t\t<div class=\"elementor-column elementor-col-50 elementor-top-column elementor-element elementor-element-e0bf9d3\" data-id=\"e0bf9d3\" data-element_type=\"column\">\n\t\t\t<div class=\"elementor-widget-wrap elementor-element-populated\">\n\t\t\t\t\t\t\t\t<div class=\"elementor-element elementor-element-92107da elementor-widget elementor-widget-text-editor\" data-id=\"92107da\" data-element_type=\"widget\" data-widget_type=\"text-editor.default\">\n\t\t\t\t<div class=\"elementor-widget-container\">\n\t\t\t\t\t\t\t<p>Contactez-nous :<\/p><p>par mail : popupvegetal@outlook.com<\/p><p>par t\u00e9l\u00e9phone : 06 63 60 51 14 \/ 06 10 72 26 77<\/p><p>ou via le\u00a0<a href=\"https:\/\/popupvegetal.com\/index.php\/contact\/\">formulaire de mise en relation<\/a><\/p><p>\u00a0<\/p><p><em>Contact us:<\/em><\/p><p><em>by email: popupvegetal@outlook.com<\/em><\/p><p><em>by phone: 06 63 60 51 14 \/ 06 10 72 26 77<\/em><\/p><p><em>or via the contact form<\/em><\/p>\t\t\t\t\t\t<\/div>\n\t\t\t\t<\/div>\n\t\t\t\t\t<\/div>\n\t\t<\/div>\n\t\t\t\t\t\t\t<\/div>\n\t\t<\/section>\n\t\t\t\t\t\t\t<\/div>\n\t\t","protected":false},"excerpt":{"rendered":"<p>Nous intervenons aupr\u00e8s de restaurateurs, cuisiniers, associations et revues sp\u00e9cialis\u00e9es et \u00e9laborons des contenus, menus et cartes. Nous proposons \u00e9galement des formations individualis\u00e9es, adpat\u00e9es \u00e0 vos besoins sp\u00e9cifiques. Tarif sur devis. \u00a0 We work with restaurateurs, cooks, associations and specialized magazines to develop content, menus and menus. We also offer individualized training, adapted to your&hellip;<\/p>\n","protected":false},"author":1,"featured_media":0,"parent":0,"menu_order":0,"comment_status":"closed","ping_status":"closed","template":"","meta":{"footnotes":""},"class_list":["post-1053","page","type-page","status-publish","hentry"],"_links":{"self":[{"href":"https:\/\/legumistes.com\/index.php\/wp-json\/wp\/v2\/pages\/1053","targetHints":{"allow":["GET"]}}],"collection":[{"href":"https:\/\/legumistes.com\/index.php\/wp-json\/wp\/v2\/pages"}],"about":[{"href":"https:\/\/legumistes.com\/index.php\/wp-json\/wp\/v2\/types\/page"}],"author":[{"embeddable":true,"href":"https:\/\/legumistes.com\/index.php\/wp-json\/wp\/v2\/users\/1"}],"replies":[{"embeddable":true,"href":"https:\/\/legumistes.com\/index.php\/wp-json\/wp\/v2\/comments?post=1053"}],"version-history":[{"count":23,"href":"https:\/\/legumistes.com\/index.php\/wp-json\/wp\/v2\/pages\/1053\/revisions"}],"predecessor-version":[{"id":2159,"href":"https:\/\/legumistes.com\/index.php\/wp-json\/wp\/v2\/pages\/1053\/revisions\/2159"}],"wp:attachment":[{"href":"https:\/\/legumistes.com\/index.php\/wp-json\/wp\/v2\/media?parent=1053"}],"curies":[{"name":"wp","href":"https:\/\/api.w.org\/{rel}","templated":true}]}}