{"id":1051,"date":"2018-09-14T21:00:13","date_gmt":"2018-09-14T19:00:13","guid":{"rendered":"http:\/\/popupvegetal.com\/?page_id=1051"},"modified":"2023-07-29T16:46:35","modified_gmt":"2023-07-29T14:46:35","slug":"cours-de-cuisine","status":"publish","type":"page","link":"https:\/\/legumistes.com\/index.php\/cours-de-cuisine\/","title":{"rendered":"A t e l i e r s \/ c o u r s"},"content":{"rendered":"\t\t<div data-elementor-type=\"wp-page\" data-elementor-id=\"1051\" class=\"elementor elementor-1051\">\n\t\t\t\t\t\t\t\t\t<section class=\"elementor-section elementor-top-section elementor-element elementor-element-10f5616a elementor-section-boxed elementor-section-height-default elementor-section-height-default\" data-id=\"10f5616a\" data-element_type=\"section\">\n\t\t\t\t\t\t<div class=\"elementor-container elementor-column-gap-default\">\n\t\t\t\t\t<div class=\"elementor-column elementor-col-100 elementor-top-column elementor-element elementor-element-7295dcfe\" data-id=\"7295dcfe\" data-element_type=\"column\">\n\t\t\t<div class=\"elementor-widget-wrap elementor-element-populated\">\n\t\t\t\t\t\t\t\t<div class=\"elementor-element elementor-element-7e4b0acf elementor-widget elementor-widget-text-editor\" data-id=\"7e4b0acf\" data-element_type=\"widget\" data-widget_type=\"text-editor.default\">\n\t\t\t\t<div class=\"elementor-widget-container\">\n\t\t\t\t\t\t\t<p style=\"text-align: center;\"><img loading=\"lazy\" decoding=\"async\" class=\"aligncenter wp-image-1654 size-full\" src=\"http:\/\/popupvegetal.com\/wp-content\/uploads\/2022\/07\/DSC08634.jpg\" alt=\"\" width=\"1616\" height=\"1080\" srcset=\"https:\/\/legumistes.com\/wp-content\/uploads\/2022\/07\/DSC08634.jpg 1616w, https:\/\/legumistes.com\/wp-content\/uploads\/2022\/07\/DSC08634-300x200.jpg 300w, https:\/\/legumistes.com\/wp-content\/uploads\/2022\/07\/DSC08634-1024x684.jpg 1024w, https:\/\/legumistes.com\/wp-content\/uploads\/2022\/07\/DSC08634-768x513.jpg 768w, https:\/\/legumistes.com\/wp-content\/uploads\/2022\/07\/DSC08634-1536x1027.jpg 1536w\" sizes=\"auto, (max-width: 1616px) 100vw, 1616px\" \/><\/p>\t\t\t\t\t\t<\/div>\n\t\t\t\t<\/div>\n\t\t\t\t<section class=\"elementor-section elementor-inner-section elementor-element elementor-element-06b7eb3 elementor-section-boxed elementor-section-height-default elementor-section-height-default\" data-id=\"06b7eb3\" data-element_type=\"section\">\n\t\t\t\t\t\t<div class=\"elementor-container elementor-column-gap-default\">\n\t\t\t\t\t<div class=\"elementor-column elementor-col-50 elementor-inner-column elementor-element elementor-element-6421f1d\" data-id=\"6421f1d\" data-element_type=\"column\">\n\t\t\t<div class=\"elementor-widget-wrap elementor-element-populated\">\n\t\t\t\t\t\t\t\t<div class=\"elementor-element elementor-element-3c0cdc3 elementor-widget elementor-widget-text-editor\" data-id=\"3c0cdc3\" data-element_type=\"widget\" data-widget_type=\"text-editor.default\">\n\t\t\t\t<div class=\"elementor-widget-container\">\n\t\t\t\t\t\t\t\t\t\t\t\t\t<\/div>\n\t\t\t\t<\/div>\n\t\t\t\t<div class=\"elementor-element elementor-element-1688ec1 elementor-widget elementor-widget-text-editor\" data-id=\"1688ec1\" data-element_type=\"widget\" data-widget_type=\"text-editor.default\">\n\t\t\t\t<div class=\"elementor-widget-container\">\n\t\t\t\t\t\t\t<p style=\"text-align: center;\">Nous cr\u00e9ons des ateliers et stages \u00e0 l&rsquo;attention de particuliers, groupes et entreprises.\u00a0<\/p><p style=\"text-align: center;\"><span style=\"letter-spacing: var(--the7-base-letter-spacing); text-transform: var(--the7-base-text-transform); word-spacing: normal;\">Exemple de th\u00e9matiques abord\u00e9es :\u00a0<\/span><span style=\"letter-spacing: var(--the7-base-letter-spacing); text-transform: var(--the7-base-text-transform); word-spacing: normal; color: #1b3d1b;\">Initiation \u00e0 la cuisine v\u00e9g\u00e9tale, c<\/span><span style=\"letter-spacing: var(--the7-base-letter-spacing); text-transform: var(--the7-base-text-transform); word-spacing: normal; color: #1b3d1b;\">ours de p\u00e2tisserie v\u00e9g\u00e9tale, c<\/span><span style=\"letter-spacing: var(--the7-base-letter-spacing); text-transform: var(--the7-base-text-transform); word-spacing: normal; color: #1b3d1b;\">omment \u00e9quilibrer ses repas avec des prot\u00e9ines v\u00e9g\u00e9tales, d<\/span><span style=\"letter-spacing: var(--the7-base-letter-spacing); text-transform: var(--the7-base-text-transform); word-spacing: normal; color: #1b3d1b;\">ressage culinaire, l<\/span><span style=\"letter-spacing: var(--the7-base-letter-spacing); text-transform: var(--the7-base-text-transform); word-spacing: normal; color: #1b3d1b;\">&lsquo;alimentation sans gluten, c<\/span><span style=\"letter-spacing: var(--the7-base-letter-spacing); text-transform: var(--the7-base-text-transform); word-spacing: normal; color: #1b3d1b;\">uisine \u00e0 la vapeur\u00a0<\/span><span style=\"letter-spacing: var(--the7-base-letter-spacing); text-transform: var(--the7-base-text-transform); word-spacing: normal; color: #1b3d1b;\">(&#8230;)\u00a0<\/span><\/p><p>\u00a0<\/p><p><em>We create workshops and courses for individuals, groups and companies.<\/em><\/p><p><em>Example of topics covered: introduction to vegetable cooking, vegetable pastry lessons, how to balance your meals with vegetable proteins, culinary training, gluten-free food, steam cooking (&#8230;)<\/em><\/p>\t\t\t\t\t\t<\/div>\n\t\t\t\t<\/div>\n\t\t\t\t\t<\/div>\n\t\t<\/div>\n\t\t\t\t<div class=\"elementor-column elementor-col-50 elementor-inner-column elementor-element elementor-element-c67a1f4\" data-id=\"c67a1f4\" data-element_type=\"column\">\n\t\t\t<div class=\"elementor-widget-wrap elementor-element-populated\">\n\t\t\t\t\t\t\t\t<div class=\"elementor-element elementor-element-f5d4990 elementor-widget elementor-widget-text-editor\" data-id=\"f5d4990\" data-element_type=\"widget\" data-widget_type=\"text-editor.default\">\n\t\t\t\t<div class=\"elementor-widget-container\">\n\t\t\t\t\t\t\t<p>\u00a0<\/p><p>\u00a0<\/p><p>\u00a0<\/p><p style=\"text-align: center;\">Pour tout renseignement, contactez-nous :<\/p><p style=\"text-align: center;\">par mail : popupvegetal@outlook.com<\/p><p style=\"text-align: center;\">par t\u00e9l\u00e9phone : 06 63 60 51 14 \/ 06 10 72 26 77<\/p><p style=\"text-align: center;\">ou via le\u00a0<a href=\"http:\/\/popupvegetal.com\/index.php\/contact\/\">formulaire de mise en relation\u00a0<\/a><\/p><p style=\"text-align: center;\">\u00a0<\/p>\t\t\t\t\t\t<\/div>\n\t\t\t\t<\/div>\n\t\t\t\t\t<\/div>\n\t\t<\/div>\n\t\t\t\t\t\t\t<\/div>\n\t\t<\/section>\n\t\t\t\t\t<\/div>\n\t\t<\/div>\n\t\t\t\t\t\t\t<\/div>\n\t\t<\/section>\n\t\t\t\t<section class=\"elementor-section elementor-top-section elementor-element elementor-element-8c6ae82 elementor-section-boxed elementor-section-height-default elementor-section-height-default\" data-id=\"8c6ae82\" data-element_type=\"section\">\n\t\t\t\t\t\t<div class=\"elementor-container elementor-column-gap-default\">\n\t\t\t\t\t<div class=\"elementor-column elementor-col-100 elementor-top-column elementor-element elementor-element-e6fe0bc\" data-id=\"e6fe0bc\" data-element_type=\"column\">\n\t\t\t<div class=\"elementor-widget-wrap elementor-element-populated\">\n\t\t\t\t\t\t\t\t\t<\/div>\n\t\t<\/div>\n\t\t\t\t\t\t\t<\/div>\n\t\t<\/section>\n\t\t\t\t<section class=\"elementor-section elementor-top-section elementor-element elementor-element-3f8381a elementor-section-boxed elementor-section-height-default elementor-section-height-default\" data-id=\"3f8381a\" data-element_type=\"section\">\n\t\t\t\t\t\t<div class=\"elementor-container elementor-column-gap-default\">\n\t\t\t\t\t<div class=\"elementor-column elementor-col-100 elementor-top-column elementor-element elementor-element-de7b73a\" data-id=\"de7b73a\" data-element_type=\"column\">\n\t\t\t<div class=\"elementor-widget-wrap elementor-element-populated\">\n\t\t\t\t\t\t\t\t<div class=\"elementor-element elementor-element-c8937a5 gallery-spacing-custom elementor-widget elementor-widget-image-gallery\" data-id=\"c8937a5\" data-element_type=\"widget\" data-widget_type=\"image-gallery.default\">\n\t\t\t\t<div class=\"elementor-widget-container\">\n\t\t\t\t\t<div class=\"elementor-image-gallery\">\n\t\t\t\n\t\t\t<style type='text\/css'>\n\t\t\t\t#gallery-1 {\n\t\t\t\t\tmargin: auto;\n\t\t\t\t}\n\t\t\t\t#gallery-1 .gallery-item {\n\t\t\t\t\tfloat: left;\n\t\t\t\t\tmargin-top: 10px;\n\t\t\t\t\ttext-align: center;\n\t\t\t\t\twidth: 33%;\n\t\t\t\t}\n\t\t\t\t#gallery-1 img {\n\t\t\t\t\tborder: 2px solid #cfcfcf;\n\t\t\t\t}\n\t\t\t\t#gallery-1 .gallery-caption {\n\t\t\t\t\tmargin-left: 0;\n\t\t\t\t}\n\t\t\t\t\/* see gallery_shortcode() in wp-includes\/media.php *\/\n\t\t\t<\/style>\n\t\t<div id='gallery-1' class='dt-gallery-container gallery galleryid-1051 gallery-columns-3 gallery-size-medium_large'><dl class='gallery-item'>\n\t\t\t\t<dt class='gallery-icon portrait'>\n\t\t\t\t\t<a class=\"rollover rollover-zoom\" title=\"\"data-elementor-open-lightbox=\"yes\" data-elementor-lightbox-slideshow=\"c8937a5\" e-action-hash=\"#elementor-action%3Aaction%3Dlightbox%26settings%3DeyJpZCI6MTY5NiwidXJsIjoiaHR0cHM6XC9cL2xlZ3VtaXN0ZXMuY29tXC93cC1jb250ZW50XC91cGxvYWRzXC8yMDIyXC8wN1wvRFNDMDUxNTktMS5qcGciLCJzbGlkZXNob3ciOiJjODkzN2E1In0%3D\" href='https:\/\/legumistes.com\/wp-content\/uploads\/2022\/07\/DSC05159-1.jpg'><img loading=\"lazy\" decoding=\"async\" width=\"768\" height=\"1149\" src=\"https:\/\/legumistes.com\/wp-content\/uploads\/2022\/07\/DSC05159-1-768x1149.jpg\" class=\"attachment-medium_large size-medium_large\" alt=\"\" srcset=\"https:\/\/legumistes.com\/wp-content\/uploads\/2022\/07\/DSC05159-1-768x1149.jpg 768w, https:\/\/legumistes.com\/wp-content\/uploads\/2022\/07\/DSC05159-1-200x300.jpg 200w, https:\/\/legumistes.com\/wp-content\/uploads\/2022\/07\/DSC05159-1-684x1024.jpg 684w, https:\/\/legumistes.com\/wp-content\/uploads\/2022\/07\/DSC05159-1-1027x1536.jpg 1027w, https:\/\/legumistes.com\/wp-content\/uploads\/2022\/07\/DSC05159-1.jpg 1080w\" sizes=\"auto, (max-width: 768px) 100vw, 768px\" \/><\/a>\n\t\t\t\t<\/dt><\/dl><dl class='gallery-item'>\n\t\t\t\t<dt class='gallery-icon portrait'>\n\t\t\t\t\t<a class=\"rollover rollover-zoom\" title=\"\"data-elementor-open-lightbox=\"yes\" data-elementor-lightbox-slideshow=\"c8937a5\" e-action-hash=\"#elementor-action%3Aaction%3Dlightbox%26settings%3DeyJpZCI6MTY5OCwidXJsIjoiaHR0cHM6XC9cL2xlZ3VtaXN0ZXMuY29tXC93cC1jb250ZW50XC91cGxvYWRzXC8yMDIyXC8wN1wvRFNDMDUyNzYtMS5qcGciLCJzbGlkZXNob3ciOiJjODkzN2E1In0%3D\" data-elementor-lightbox-title=\"Rolls de courgettes\" href='https:\/\/legumistes.com\/wp-content\/uploads\/2022\/07\/DSC05276-1.jpg'><img loading=\"lazy\" decoding=\"async\" width=\"768\" height=\"1149\" src=\"https:\/\/legumistes.com\/wp-content\/uploads\/2022\/07\/DSC05276-1-768x1149.jpg\" class=\"attachment-medium_large size-medium_large\" alt=\"\" srcset=\"https:\/\/legumistes.com\/wp-content\/uploads\/2022\/07\/DSC05276-1-768x1149.jpg 768w, https:\/\/legumistes.com\/wp-content\/uploads\/2022\/07\/DSC05276-1-200x300.jpg 200w, https:\/\/legumistes.com\/wp-content\/uploads\/2022\/07\/DSC05276-1-684x1024.jpg 684w, https:\/\/legumistes.com\/wp-content\/uploads\/2022\/07\/DSC05276-1-1027x1536.jpg 1027w, https:\/\/legumistes.com\/wp-content\/uploads\/2022\/07\/DSC05276-1.jpg 1080w\" sizes=\"auto, (max-width: 768px) 100vw, 768px\" \/><\/a>\n\t\t\t\t<\/dt><\/dl><dl class='gallery-item'>\n\t\t\t\t<dt class='gallery-icon portrait'>\n\t\t\t\t\t<a class=\"rollover rollover-zoom\" title=\"\"data-elementor-open-lightbox=\"yes\" data-elementor-lightbox-slideshow=\"c8937a5\" e-action-hash=\"#elementor-action%3Aaction%3Dlightbox%26settings%3DeyJpZCI6MTY2NywidXJsIjoiaHR0cHM6XC9cL2xlZ3VtaXN0ZXMuY29tXC93cC1jb250ZW50XC91cGxvYWRzXC8yMDIyXC8wN1wvRFNDMDk0NzkuanBnIiwic2xpZGVzaG93IjoiYzg5MzdhNSJ9\" data-elementor-lightbox-title=\"Pickles &amp; toppings\" href='https:\/\/legumistes.com\/wp-content\/uploads\/2022\/07\/DSC09479.jpg'><img loading=\"lazy\" decoding=\"async\" width=\"768\" height=\"1150\" src=\"https:\/\/legumistes.com\/wp-content\/uploads\/2022\/07\/DSC09479-768x1150.jpg\" class=\"attachment-medium_large size-medium_large\" alt=\"\" srcset=\"https:\/\/legumistes.com\/wp-content\/uploads\/2022\/07\/DSC09479-768x1150.jpg 768w, https:\/\/legumistes.com\/wp-content\/uploads\/2022\/07\/DSC09479-200x300.jpg 200w, https:\/\/legumistes.com\/wp-content\/uploads\/2022\/07\/DSC09479-684x1024.jpg 684w, https:\/\/legumistes.com\/wp-content\/uploads\/2022\/07\/DSC09479.jpg 1008w\" sizes=\"auto, (max-width: 768px) 100vw, 768px\" \/><\/a>\n\t\t\t\t<\/dt><\/dl><br style=\"clear: both\" \/><dl class='gallery-item'>\n\t\t\t\t<dt class='gallery-icon portrait'>\n\t\t\t\t\t<a class=\"rollover rollover-zoom\" title=\"\"data-elementor-open-lightbox=\"yes\" data-elementor-lightbox-slideshow=\"c8937a5\" e-action-hash=\"#elementor-action%3Aaction%3Dlightbox%26settings%3DeyJpZCI6MTcwMCwidXJsIjoiaHR0cHM6XC9cL2xlZ3VtaXN0ZXMuY29tXC93cC1jb250ZW50XC91cGxvYWRzXC8yMDIyXC8wN1wvRFNDMDgwNjUtMS1zY2FsZWQuanBnIiwic2xpZGVzaG93IjoiYzg5MzdhNSJ9\" data-elementor-lightbox-title=\"Taillages\" href='https:\/\/legumistes.com\/wp-content\/uploads\/2022\/07\/DSC08065-1-scaled.jpg'><img loading=\"lazy\" decoding=\"async\" width=\"768\" height=\"1152\" src=\"https:\/\/legumistes.com\/wp-content\/uploads\/2022\/07\/DSC08065-1-768x1152.jpg\" class=\"attachment-medium_large size-medium_large\" alt=\"\" srcset=\"https:\/\/legumistes.com\/wp-content\/uploads\/2022\/07\/DSC08065-1-768x1152.jpg 768w, https:\/\/legumistes.com\/wp-content\/uploads\/2022\/07\/DSC08065-1-200x300.jpg 200w, https:\/\/legumistes.com\/wp-content\/uploads\/2022\/07\/DSC08065-1-683x1024.jpg 683w, https:\/\/legumistes.com\/wp-content\/uploads\/2022\/07\/DSC08065-1-1024x1536.jpg 1024w, https:\/\/legumistes.com\/wp-content\/uploads\/2022\/07\/DSC08065-1-1365x2048.jpg 1365w, https:\/\/legumistes.com\/wp-content\/uploads\/2022\/07\/DSC08065-1-scaled.jpg 1707w\" sizes=\"auto, (max-width: 768px) 100vw, 768px\" \/><\/a>\n\t\t\t\t<\/dt><\/dl><dl class='gallery-item'>\n\t\t\t\t<dt class='gallery-icon portrait'>\n\t\t\t\t\t<a class=\"rollover rollover-zoom\" title=\"\"data-elementor-open-lightbox=\"yes\" data-elementor-lightbox-slideshow=\"c8937a5\" e-action-hash=\"#elementor-action%3Aaction%3Dlightbox%26settings%3DeyJpZCI6MTY5NywidXJsIjoiaHR0cHM6XC9cL2xlZ3VtaXN0ZXMuY29tXC93cC1jb250ZW50XC91cGxvYWRzXC8yMDIyXC8wN1wvRFNDMDUyMDYtMS1yb3RhdGVkLmpwZyIsInNsaWRlc2hvdyI6ImM4OTM3YTUifQ%3D%3D\" data-elementor-lightbox-title=\"Julienne de l\u00e9gumes\" href='https:\/\/legumistes.com\/wp-content\/uploads\/2022\/07\/DSC05206-1-rotated.jpg'><img loading=\"lazy\" decoding=\"async\" width=\"768\" height=\"1149\" src=\"https:\/\/legumistes.com\/wp-content\/uploads\/2022\/07\/DSC05206-1-768x1149.jpg\" class=\"attachment-medium_large size-medium_large\" alt=\"\" srcset=\"https:\/\/legumistes.com\/wp-content\/uploads\/2022\/07\/DSC05206-1-768x1149.jpg 768w, https:\/\/legumistes.com\/wp-content\/uploads\/2022\/07\/DSC05206-1-200x300.jpg 200w, https:\/\/legumistes.com\/wp-content\/uploads\/2022\/07\/DSC05206-1-684x1024.jpg 684w, https:\/\/legumistes.com\/wp-content\/uploads\/2022\/07\/DSC05206-1-1027x1536.jpg 1027w, https:\/\/legumistes.com\/wp-content\/uploads\/2022\/07\/DSC05206-1-rotated.jpg 1080w\" sizes=\"auto, (max-width: 768px) 100vw, 768px\" \/><\/a>\n\t\t\t\t<\/dt><\/dl><dl class='gallery-item'>\n\t\t\t\t<dt class='gallery-icon portrait'>\n\t\t\t\t\t<a class=\"rollover rollover-zoom\" title=\"\"data-elementor-open-lightbox=\"yes\" data-elementor-lightbox-slideshow=\"c8937a5\" e-action-hash=\"#elementor-action%3Aaction%3Dlightbox%26settings%3DeyJpZCI6MTcwMSwidXJsIjoiaHR0cHM6XC9cL2xlZ3VtaXN0ZXMuY29tXC93cC1jb250ZW50XC91cGxvYWRzXC8yMDIyXC8wN1wvRFNDMDkwOTYtMS5qcGciLCJzbGlkZXNob3ciOiJjODkzN2E1In0%3D\" data-elementor-lightbox-title=\"Dressage tartelettes\" href='https:\/\/legumistes.com\/wp-content\/uploads\/2022\/07\/DSC09096-1.jpg'><img loading=\"lazy\" decoding=\"async\" width=\"768\" height=\"1149\" src=\"https:\/\/legumistes.com\/wp-content\/uploads\/2022\/07\/DSC09096-1-768x1149.jpg\" class=\"attachment-medium_large size-medium_large\" alt=\"\" srcset=\"https:\/\/legumistes.com\/wp-content\/uploads\/2022\/07\/DSC09096-1-768x1149.jpg 768w, https:\/\/legumistes.com\/wp-content\/uploads\/2022\/07\/DSC09096-1-200x300.jpg 200w, https:\/\/legumistes.com\/wp-content\/uploads\/2022\/07\/DSC09096-1-684x1024.jpg 684w, https:\/\/legumistes.com\/wp-content\/uploads\/2022\/07\/DSC09096-1-1027x1536.jpg 1027w, https:\/\/legumistes.com\/wp-content\/uploads\/2022\/07\/DSC09096-1.jpg 1080w\" sizes=\"auto, (max-width: 768px) 100vw, 768px\" \/><\/a>\n\t\t\t\t<\/dt><\/dl><br style=\"clear: both\" \/><dl class='gallery-item'>\n\t\t\t\t<dt class='gallery-icon portrait'>\n\t\t\t\t\t<a class=\"rollover rollover-zoom\" title=\"\"data-elementor-open-lightbox=\"yes\" data-elementor-lightbox-slideshow=\"c8937a5\" e-action-hash=\"#elementor-action%3Aaction%3Dlightbox%26settings%3DeyJpZCI6MTcwMiwidXJsIjoiaHR0cHM6XC9cL2xlZ3VtaXN0ZXMuY29tXC93cC1jb250ZW50XC91cGxvYWRzXC8yMDIyXC8wN1wvRFNDMDkxNTctMS5qcGciLCJzbGlkZXNob3ciOiJjODkzN2E1In0%3D\" data-elementor-lightbox-title=\"Dressage tartelettes\" href='https:\/\/legumistes.com\/wp-content\/uploads\/2022\/07\/DSC09157-1.jpg'><img loading=\"lazy\" decoding=\"async\" width=\"762\" height=\"1140\" src=\"https:\/\/legumistes.com\/wp-content\/uploads\/2022\/07\/DSC09157-1.jpg\" class=\"attachment-medium_large size-medium_large\" alt=\"\" aria-describedby=\"gallery-1-1702\" srcset=\"https:\/\/legumistes.com\/wp-content\/uploads\/2022\/07\/DSC09157-1.jpg 762w, https:\/\/legumistes.com\/wp-content\/uploads\/2022\/07\/DSC09157-1-201x300.jpg 201w, https:\/\/legumistes.com\/wp-content\/uploads\/2022\/07\/DSC09157-1-684x1024.jpg 684w\" sizes=\"auto, (max-width: 762px) 100vw, 762px\" \/><\/a>\n\t\t\t\t<\/dt>\n\t\t\t\t\t<dd class='wp-caption-text gallery-caption' id='gallery-1-1702'>\n\t\t\t\t\tConsulting\n\t\t\t\t\t<\/dd><\/dl><dl class='gallery-item'>\n\t\t\t\t<dt class='gallery-icon portrait'>\n\t\t\t\t\t<a class=\"rollover rollover-zoom\" title=\"\"data-elementor-open-lightbox=\"yes\" data-elementor-lightbox-slideshow=\"c8937a5\" e-action-hash=\"#elementor-action%3Aaction%3Dlightbox%26settings%3DeyJpZCI6MTcwMywidXJsIjoiaHR0cHM6XC9cL2xlZ3VtaXN0ZXMuY29tXC93cC1jb250ZW50XC91cGxvYWRzXC8yMDIyXC8wN1wvRFNDMDkzNDEtMS5qcGciLCJzbGlkZXNob3ciOiJjODkzN2E1In0%3D\" data-elementor-lightbox-title=\"Dressage tartelettes\" href='https:\/\/legumistes.com\/wp-content\/uploads\/2022\/07\/DSC09341-1.jpg'><img loading=\"lazy\" decoding=\"async\" width=\"768\" height=\"1149\" src=\"https:\/\/legumistes.com\/wp-content\/uploads\/2022\/07\/DSC09341-1-768x1149.jpg\" class=\"attachment-medium_large size-medium_large\" alt=\"\" srcset=\"https:\/\/legumistes.com\/wp-content\/uploads\/2022\/07\/DSC09341-1-768x1149.jpg 768w, https:\/\/legumistes.com\/wp-content\/uploads\/2022\/07\/DSC09341-1-201x300.jpg 201w, https:\/\/legumistes.com\/wp-content\/uploads\/2022\/07\/DSC09341-1-685x1024.jpg 685w, https:\/\/legumistes.com\/wp-content\/uploads\/2022\/07\/DSC09341-1.jpg 956w\" sizes=\"auto, (max-width: 768px) 100vw, 768px\" \/><\/a>\n\t\t\t\t<\/dt><\/dl><dl class='gallery-item'>\n\t\t\t\t<dt class='gallery-icon portrait'>\n\t\t\t\t\t<a class=\"rollover rollover-zoom\" title=\"\"data-elementor-open-lightbox=\"yes\" data-elementor-lightbox-slideshow=\"c8937a5\" e-action-hash=\"#elementor-action%3Aaction%3Dlightbox%26settings%3DeyJpZCI6MTcwNCwidXJsIjoiaHR0cHM6XC9cL2xlZ3VtaXN0ZXMuY29tXC93cC1jb250ZW50XC91cGxvYWRzXC8yMDIyXC8wN1wvTFJHX0RTQzAzODQ0LTEuanBnIiwic2xpZGVzaG93IjoiYzg5MzdhNSJ9\" data-elementor-lightbox-title=\"Dressage tartelettes\" href='https:\/\/legumistes.com\/wp-content\/uploads\/2022\/07\/LRG_DSC03844-1.jpg'><img loading=\"lazy\" decoding=\"async\" width=\"768\" height=\"1149\" src=\"https:\/\/legumistes.com\/wp-content\/uploads\/2022\/07\/LRG_DSC03844-1-768x1149.jpg\" class=\"attachment-medium_large size-medium_large\" alt=\"\" srcset=\"https:\/\/legumistes.com\/wp-content\/uploads\/2022\/07\/LRG_DSC03844-1-768x1149.jpg 768w, https:\/\/legumistes.com\/wp-content\/uploads\/2022\/07\/LRG_DSC03844-1-200x300.jpg 200w, https:\/\/legumistes.com\/wp-content\/uploads\/2022\/07\/LRG_DSC03844-1-684x1024.jpg 684w, https:\/\/legumistes.com\/wp-content\/uploads\/2022\/07\/LRG_DSC03844-1-1027x1536.jpg 1027w, https:\/\/legumistes.com\/wp-content\/uploads\/2022\/07\/LRG_DSC03844-1.jpg 1080w\" sizes=\"auto, (max-width: 768px) 100vw, 768px\" \/><\/a>\n\t\t\t\t<\/dt><\/dl><br style=\"clear: both\" \/>\n\t\t\t<\/div>\n\t\t<\/div>\n\t\t\t\t<\/div>\n\t\t\t\t<\/div>\n\t\t\t\t\t<\/div>\n\t\t<\/div>\n\t\t\t\t\t\t\t<\/div>\n\t\t<\/section>\n\t\t\t\t\t\t\t<\/div>\n\t\t","protected":false},"excerpt":{"rendered":"<p>Nous cr\u00e9ons des ateliers et stages \u00e0 l&rsquo;attention de particuliers, groupes et entreprises.\u00a0 Exemple de th\u00e9matiques abord\u00e9es :\u00a0Initiation \u00e0 la cuisine v\u00e9g\u00e9tale, cours de p\u00e2tisserie v\u00e9g\u00e9tale, comment \u00e9quilibrer ses repas avec des prot\u00e9ines v\u00e9g\u00e9tales, dressage culinaire, l&rsquo;alimentation sans gluten, cuisine \u00e0 la vapeur\u00a0(&#8230;)\u00a0 \u00a0 We create workshops and courses for individuals, groups and companies. Example&hellip;<\/p>\n","protected":false},"author":1,"featured_media":0,"parent":0,"menu_order":0,"comment_status":"closed","ping_status":"closed","template":"","meta":{"footnotes":""},"class_list":["post-1051","page","type-page","status-publish","hentry"],"_links":{"self":[{"href":"https:\/\/legumistes.com\/index.php\/wp-json\/wp\/v2\/pages\/1051","targetHints":{"allow":["GET"]}}],"collection":[{"href":"https:\/\/legumistes.com\/index.php\/wp-json\/wp\/v2\/pages"}],"about":[{"href":"https:\/\/legumistes.com\/index.php\/wp-json\/wp\/v2\/types\/page"}],"author":[{"embeddable":true,"href":"https:\/\/legumistes.com\/index.php\/wp-json\/wp\/v2\/users\/1"}],"replies":[{"embeddable":true,"href":"https:\/\/legumistes.com\/index.php\/wp-json\/wp\/v2\/comments?post=1051"}],"version-history":[{"count":72,"href":"https:\/\/legumistes.com\/index.php\/wp-json\/wp\/v2\/pages\/1051\/revisions"}],"predecessor-version":[{"id":2017,"href":"https:\/\/legumistes.com\/index.php\/wp-json\/wp\/v2\/pages\/1051\/revisions\/2017"}],"wp:attachment":[{"href":"https:\/\/legumistes.com\/index.php\/wp-json\/wp\/v2\/media?parent=1051"}],"curies":[{"name":"wp","href":"https:\/\/api.w.org\/{rel}","templated":true}]}}